*x. Let c(f) be the second derivative of f**4/12 - f**3/2 + f**2 + 8*f. Calculate c(x).
6
Let s(w) = -w**2 + 7*w - 1. Suppose -1 = -m + 4. Determine s(m).
9
Let h(v) be the second derivative of v**4/6 - v**3/6 + v**2 - 21*v. Calculate h(-2).
12
Let o(c) = -2*c + 1. Let x(w) = -w**3 - 4*w**2 - 2*w. Let q be x(-3). Let m be (q - -2)*(-3 - -1). What is o(m)?
-3
Let o(f) = -f**3 + 4*f**2 + 6*f - 7. Suppose 0*x - 2*x + 128 = 0. Let r be (-3)/(-7) - x/(-14). What is o(r)?
-2
Let z = -665/6 - -111. Let o(t) be the second derivative of -1/12*t**4 - z*t**3 - 4*t + t**2 + 0. Determine o(2).
-4
Let x(w) be the second derivative of w**5/20 - w**4/4 - w**3 + w**2 - 2*w. Let i(l) = l**2 - 9*l + 4. Let t be i(9). Calculate x(t).
-6
Let p(f) = f**2 + 4*f - 6. Let j be (-2)/(-10) - 78/15. Let w be p(j). Let o(n) = -4*n**2 - n - 1. Determine o(w).
-4
Let r(d) be the first derivative of 4*d**2 - d - 1. Suppose 0 = -5*q + 3*c - 2, 2*q = 7*q - 2*c + 3. What is r(q)?
-9
Let s(v) be the third derivative of -7*v**4/12 + v**3/6 + v**2. Suppose -4*g = -4*h + 12, -2*g = 2*h - 5 - 5. Calculate s(g).
-13
Let j(w) = w**2 + 7*w - 10. Let y be ((-2)/(-6))/(3/(-81)). What is j(y)?
8
Suppose -2*q - 16 = -4*q. Suppose 0 = -2*t - w + 3, -w - 10 = -5*t + q. Let m = -5 + t. Let h(c) = c - 2. Give h(m).
-4
Let k(x) be the first derivative of x**4/4 - 5*x**3/3 + x**2 + 6*x - 20. Give k(5).
16
Let h(s) = 96*s**2 - 6*s + 3 - 97*s**2 + 3*s. Let w(u) = u**2 + 8*u + 8. Let x be w(-6). Give h(x).
-1
Let d(y) = y. Let u be d(-2). Let a be (u - -5)*2/(-2). Let j(z) = 5 - 5 + 3*z + 4. What is j(a)?
-5
Let w(u) = u**2 - 3. Let a(m) = -m**3 + 2 - m**2 - 3 - 2*m + m. Suppose 5*j - 2*j = -3. Let r be a(j). Determine w(r).
-3
Let g(m) = 2 - 13*m + 12*m - 2 - m**2. Calculate g(2).
-6
Let h(z) = -z + 5 + 0 - 4. Suppose b + 6 = 2*g, 0*b + 4*g = -2*b + 20. Suppose -3*l - 20 = b*f, 2*l + 3*f = 4*f - 4. What is h(l)?
5
Let h be (-10)/(3*1/3). Let d = h + 6. Let z(q) be the third derivative of -q**5/60 - q**4/24 + 2*q**3/3 + 2*q**2. Determine z(d).
-8
Suppose -30 = -v - 5*v. Let q(i) = -2*i - 3*i - i**3 + 2 + i + 6*i**2. Calculate q(v).
7
Let f(i) = i**3 + 4*i**2 + 4*i + 3. Suppose 4 = -3*d + 5*p + 23, -19 = 2*d + 3*p. What is f(d)?
3
Let z(q) = -9*q**3 - 5*q**2 - q - 3. Let c(x) = -8*x**3 - 4*x**2 - x - 2. Let k(g) = -4*c(g) + 3*z(g). Determine k(1).
6
Let d(b) = 0*b + 3*b - 3 - 2*b + 0. What is d(-3)?
-6
Suppose -17*m = -16*m. Let p(a) be the third derivative of 7/60*a**5 - 1/12*a**4 + m*a - 4*a**2 + 0 + 1/6*a**3. What is p(1)?
6
Let c(n) = 2*n + 1. Let p(x) = -x - 4. Let f be p(-4). Suppose f = 3*a - 2*h + 5, 3*h - 11 = 4*a - 4. Let v be 0/(-1) - (a - -5). Calculate c(v).
-7
Let o = -4 + 7. Let v(s) = o + 4*s**2 - s**2 - 4*s**2 - 3*s. Calculate v(-3).
3
Suppose -9 = -3*w - 0*w. Let d(t) be the second derivative of t**4/24 - t**3/2 + t**2 + t. Let a(f) be the first derivative of d(f). What is a(w)?
0
Let y be (-4)/(-14) - 12/(-7). Let d be (25/(-10))/(y/(-4)). Let z(f) = f + 2*f**2 + 13*f**3 - d*f**3 - f**2. Determine z(-1).
-8
Let h = -11 + 6. Let g(j) be the second derivative of j**4/12 + j**3 - 3*j**2/2 - 9*j. What is g(h)?
-8
Let n(p) = -p + 2. Let c be n(0). Let g = c - 2. Let z(d) = d + 1 + 3012*d**2 - 3012*d**2 - d**3. Give z(g).
1
Suppose o + 0*o = 4*z - 7, z = 2*o. Let s be -2 + 5 + o + 2. Let w(l) = -l**3 + 6*l**2 + l - 6. Determine w(s).
0
Suppose u - 3 - 2 = 0. Suppose -2*b - 5*h = 0, 0 = u*b + 2*h + 3*h. Let y(d) = d**2 - 4 + 5*d**2 + d**3 - 5*d**2 - 2*d**2. Give y(b).
-4
Suppose -4*j - 10 = j. Let t(f) = 24 - 22 - f - 2*f. Determine t(j).
8
Let w(f) = f - 2. Let v be w(4). Let g(x) = 3*x - 3*x**v + 0*x**2 - 5*x + x**3. Give g(3).
-6
Let w(f) = f**2 - 1. Let q(z) = -7*z**3 - 8*z**2 + 2*z + 5. Let v(r) = -q(r) - 6*w(r). Determine v(1).
8
Let b be (2/1)/((-6)/(-15)). Let t(d) = -4*d + 0*d - 6 + 2*d**3 - 2*d**3 - 4*d**2 + d**3. Give t(b).
-1
Let d(p) = -p**3 + 5. Let t be -1 - 2/(-3 + 1). Suppose 6*j - 3*j = t. What is d(j)?
5
Let z(s) = s**3 - 3*s**2 + 8*s - 1. Let j(w) = -2*w**3 + 3*w**2 - 9*w + 2. Let p(r) = -2*j(r) - 3*z(r). Determine p(-4).
7
Suppose -w - 2 = 2. Let u(f) be the first derivative of -f**4/4 - f**3 + 5*f**2/2 - 3*f - 1. Give u(w).
-7
Let u = 1 - -1. Let r(h) = -2*h + 4*h + 2 - h**3 + u*h**2 - 5. Let b be ((-6)/(-10))/((-2)/80*-12). What is r(b)?
1
Let x(o) = -2*o. Let y be (1/(-2))/((-4)/24). Suppose -4*b - 6 = 2*z, b = 2*z + y*z - 29. Suppose -z*p = -h - 4*h - 20, -2*p + 11 = -3*h. What is x(h)?
6
Let w(k) = -1 - k - 2 + 0*k. Suppose h - 39 = -35. Give w(h).
-7
Let l(m) = m + 7. Let j = 143 - 150. What is l(j)?
0
Let b(w) = w**2 - 5*w + 2. Suppose 3*a + 4*h = 53, 2*h = -4*a + h + 88. Let z be (-8)/(-20) + a/5. Determine b(z).
2
Let h(n) = -n + 3. Let p be h(0). Suppose -5*w = -c - p, 5*c = 3*w + 2*c - 9. Let f(t) = t**2 - t - 3. Determine f(w).
-3
Let y(a) = 38*a - 61*a + a**3 - 3 + 31*a - 8*a**2. Give y(7).
4
Let a = 10 - 5. Let o(c) = 0 + a + 5*c**2 - 4*c**2 - 6*c. Let w be o(6). Let f(v) = -2*v + 6. What is f(w)?
-4
Let c(i) = -10*i**2 + 11*i - i**3 - i + 10 - 8*i. Determine c(-10).
-10
Let k(n) = 0*n + 3 + n**2 - 3*n**2 + 2*n + 3*n**2. What is k(-3)?
6
Let h(g) = g + 17. Let s be h(-15). Suppose -s*d + 5*d - 3 = 0. Let m(k) = -16*k**3 + 1. What is m(d)?
-15
Let d(w) be the third derivative of w**4/8 + w**3 + 6*w**2. Calculate d(-4).
-6
Let b(t) = -t. Let i(q) = -3 + 2*q - 2 - q + 4*q. Let p(w) = 4*b(w) + i(w). Suppose -25 = 5*k - 5*r - 10, -5*k - 4*r + 12 = 0. Determine p(k).
-5
Let k(q) be the third derivative of -q**6/120 - q**5/12 + q**4/4 - 5*q**3/6 + 24*q**2. Calculate k(-6).
-5
Let j(o) = o**2 - 7*o + 5. Let u(f) = -3 + 5*f - f**2 + 3. Let b be (-6 + 2)*(-2 + 1). Let m be u(b). Give j(m).
-7
Let r be 1/(2 - 11/5). Let p = 7 + r. Suppose 2*t + 3*n = -0*t - 18, 2*t = p*n + 2. Let q(v) = -2*v - 2. Calculate q(t).
4
Let h be 7*5/((-105)/(-6)). Suppose 0 = -5*s - 4*x + 25, 0*s + 3*x = -s + 16. Let j(y) = y + 2. Let d(w) = -1. Let t(b) = s*j(b) + 3*d(b). Determine t(h).
1
Let h(i) = 0*i - 1 + 0*i + 3*i. Let z = 10 + -7. Suppose -z*a + 1 = -5. Calculate h(a).
5
Suppose 5*d + 1 = -24. Let w = d - -7. Let t(z) = z - 3*z**3 + 2*z + z**2 + 4 + 2*z**w + 2*z**3. Calculate t(4).
0
Let t(o) = 3*o**3 - 4*o**2 + 2*o - 6. Let z(n) = 2*n**3 - 4*n**2 + n - 6. Let u(x) = -3*t(x) + 4*z(x). What is u(-4)?
2
Suppose 12*t - 8*t = 0. Let o(l) be the second derivative of t - 1/3*l**4 + 1/20*l**5 + 1/3*l**3 + 1/2*l**2 - l. Determine o(2).
-3
Let g be 1*6*2/8. Let h(b) be the first derivative of b - 1 + g*b**2. Determine h(1).
4
Let l(j) be the first derivative of j**4/4 + 5*j**3/3 - 3*j**2/2 - 3*j + 11. Give l(-6).
-21
Let c(h) = -3*h - 3*h + 1 - 3*h + 5*h. What is c(1)?
-3
Let w(c) = c**3 - c**2 - 10*c + 4. Let n(y) = -y**2 + 1. Let a(b) = -6*n(b) - w(b). Calculate a(8).
6
Let u(b) = -b**2 - 6*b - 5. Suppose 5 = -d - 0*d. What is u(d)?
0
Let d(m) = 5*m**3 + m**2 + m - 1. Let p be 7/21 + 2/3. Let s be d(p). Let t(l) = l**2 - 6*l - 4. Determine t(s).
-4
Let q(u) = 2*u - 11. Let h be -2*4*(2 + -3). What is q(h)?
5
Let i(z) be the second derivative of -1/6*z**3 + 5/12*z**4 + 0*z**2 + 0 - 6*z. Give i(-1).
6
Let p(z) = -z + 7. Let x(g) = -g**2 + 5*g + 6. Let a be x(5). What is p(a)?
1
Let t(a) = -9 + 7 - 9*a + 3. Give t(-1).
10
Let t(w) = -w + 1. Suppose 2*h + 5*x + 10 = 4*h, 0 = -3*h - x + 15. Calculate t(h).
-4
Let k(f) = -f**2 + 4. Let g(h) = -h**3 - h**2 + 3*h + 1. Let y be g(-2). Let v = 2 - y. Determine k(v).
-5
Suppose 0 = -5*u - 4*d - 0*d + 57, 2*d + 4 = 0. Suppose 2 = -a + 7. Let o(n) = -5*n + a*n - u - n. Give o(0).
-13
Suppose -2*q + 4 = -0. Let n = -6 + q. Let b(y) = -y**2 - 5*y - 3. Calculate b(n).
1
Let x(a) = -a - 9. Let s be x(-15). Let b(t) = -t**3 + 5*t**2 + 7*t - 5. Give b(s).
1
Suppose 3*m - 5*f = -10, -3*m - 5 = 5*f + 15. Let i = 10 + m. Suppose -3*w + 0*l + 19 = 5*l, -i*w - l + 17 = 0. Let y(s) = -s**2 + 4*s + 1. What is y(w)?
4
Let l(v) = -11*v**2 + 10*v**2 + 6*v**2 - v. Give l(-2).
22
Let y(u) = 7 - 6 - 2 + 6*u. Determine y(1).
5
Let f(k) = -k**2 + 7*k + 16. Let c be f(9). Let q(h) = h**2 + 5*h. Let d be q(-5). Let x(b) = 2 - 5*b - 5 + d. Calculate x(c).
7
Let i(q) be the first derivative of -q**4/4 + 7*q**3/3 - q**2/2 + 9*q - 2. Let u(r) = 3*r - 47. Let d be u(18).